se 15) to base 8.
1635
What is -14ed (base 16) in base 6?
-40445
Convert 5450 (base 7) to base 8.
3632
What is -142 (base 9) in base 4?
-1313
What is -1201020 (base 3) in base 9?
-1636
Convert 2100031 (base 4) to base 15.
2b04
Convert 6341 (base 10) to base 13.
2b6a
What is 1020033 (base 4) in base 6?
33223
Convert -45a (base 16) to base 11.
-923
Convert -554 (base 12) to base 11.
-653
What is 1d63 (base 15) in base 13?
2baa
What is -1233023 (base 4) in base 12?
-414b
What is -11010100001 (base 2) in base 16?
-6a1
Convert 111011111 (base 2) to base 7.
1253
What is -3023312 (base 4) in base 12?
-7672
Convert 211010 (base 3) to base 4.
21111
-210c (base 14) to base 2
-1011001000000
What is 1104211 (base 5) in base 6?
225214
Convert -10110212 (base 3) to base 10.
-2534
Convert -761c (base 15) to base 13.
-b4c3
What is -2423443 (base 5) in base 14?
-1281c
-cb98 (base 16) to base 14
-14dcc
Convert 2b8 (base 13) to base 10.
489
Convert 2301 (base 13) to base 14.
1b02
What is -57838 (base 10) in base 12?
-2957a
Convert 8874 (base 15) to base 8.
70355
Convert 11101010000 (base 2) to base 6.
12400
Convert 4316 (base 12) to base 4.
1303002
-1827 (base 11) to base 9
-3166
-201303 (base 4) to base 9
-2863
What is -110101101 (base 2) in base 13?
-270
Convert 7 (base 9) to base 11.
7
What is -1c64 (base 14) in base 2?
-1010001000000
What is -571 (base 8) in base 3?
-111222
What is -1770 (base 10) in base 11?
-136a
What is -60b (base 12) in base 2?
-1101101011
Convert -2b7 (base 13) to base 12.
-348
What is 662 (base 7) in base 2?
101010010
What is 78 (base 10) in base 13?
60
Convert -51b (base 12) to base 10.
-743
What is 1867 (base 13) in base 10?
3634
Convert 10100101 (base 2) to base 9.
203
What is 16d (base 14) in base 16?
125
Convert -6cc5 (base 13) to base 2.
-11110000001011
Convert 266 (base 7) to base 5.
1041
-332 (base 7) to base 4
-2222
What is -3322 (base 7) in base 15?
-547
1a3 (base 13) to base 2
100101110
What is -17ba (base 13) in base 12?
-2065
8287 (base 14) to base 8
53677
Convert 41230 (base 7) to base 5.
310231
What is 220200 (base 4) in base 7?
10362
-1110440 (base 5) to base 2
-100110000100111
Convert -bd0 (base 14) to base 8.
-4442
Convert 4826 (base 9) to base 13.
1830
Convert 22400 (base 5) to base 14.
824
-100000011000000 (base 2) to base 5
-1012301
Convert -303304 (base 5) to base 9.
-14431
-203b (base 14) to base 2
-1010110100101
Convert -2266 (base 15) to base 5.
-213141
-25773 (base 8) to base 5
-330014
What is -11111000100 (base 2) in base 9?
-2648
3083 (base 9) to base 2
100011010110
What is -1028 (base 9) in base 7?
-2126
What is 6510 (base 15) in base 9?
32306
410042 (base 5) to base 9
20027
What is -7450 (base 8) in base 16?
-f28
Convert 61b0 (base 14) to base 15.
4eae
7ba4 (base 16) to base 12
16398
What is 61537 (base 8) in base 13?
b76b
What is -a058 (base 11) in base 4?
-3100331
What is 25303 (base 7) in base 4?
1220023
-1cab (base 15) to base 16
-185c
62c3 (base 14) to base 8
41203
Convert -1208 (base 9) to base 12.
-62b
What is 1864 (base 9) in base 10?
1435
What is -130558 (base 9) in base 7?
-446606
What is 2006 (base 7) in base 13?
413
Convert 1139b (base 12) to base 8.
54747
What is 10001001111101 (base 2) in base 14?
3309
Convert -a3c (base 16) to base 10.
-2620
Convert 20202200 (base 3) to base 7.
20244
58b3 (base 16) to base 13
a449
What is 4d38 (base 16) in base 7?
111430
Convert 364 (base 11) to base 10.
433
What is -1011100111110 (base 2) in base 12?
-353a
121100221 (base 3) to base 12
6aa4
Convert -41664 (base 7) to base 16.
-282f
Convert -2141 (base 7) to base 10.
-764
-350 (base 6) to base 15
-93
Convert -23131 (base 5) to base 7.
-4600
Convert -334351 (base 6) to base 13.
-cac9
6319 (base 12) to base 5
321241
What is -105430 (base 6) in base 15?
-2a13
Convert -14e (base 16) to base 3.
-110101
What is 854 (base 15) in base 10?
1879
476 (base 9) to base 16
189
What is -4351 (base 11) in base 15?
-1a7d
Convert 6a2 (base 13) to base 9.
1513
What is 35c (base 15) in base 10?
762
Convert -214 (base 9) to base 11.
-14a
Convert -111431 (base 5) to base 16.
-f97
Convert 1001110 (base 2) to base 13.
60
313212 (base 4) to base 9
4783
-4652 (base 10) to base 15
-15a2
Convert -31544 (base 7) to base 8.
-17217
What is 3645 (base 7) in base 8?
2514
-148 (base 10) to base 8
-224
Convert 54 (base 12) to base 14.
48
Convert 27722 (base 8) to base 15.
3962
-4ef3 (base 16) to base 5
-1121321
What is 10512 (base 6) in base 12?
a38
Convert -39c (base 14) to base 3.
-222220
What is -1000021 (base 3) in base 10?
-736
Convert -74ba (base 12) to base 6.
-135154
What is 190 (base 13) in base 2?
100011110
What is 57281 (base 10) in base 15?
11e8b
a08 (base 12) to base 15
668
What is 1239 (base 10) in base 6?
5423
408 (base 9) to base 11
282
What is -618 (base 14) in base 2?
-10010101110
-511 (base 8) to base 10
-329
1011010000111110 (base 2) to base 13
18005
Convert -66b (base 13) to base 2.
-10001001111
3232221 (base 5) to base 14
1622b
What is 123 (base 4) in base 12?
23
What is 101110111011 (base 2) in base 4?
232323
Convert -30011012 (base 4) to base 16.
-c146
152013 (base 7) to base 5
1421013
-9722 (base 15) to base 9
-47775
-11110100110100 (base 2) to base 13
-7193
Convert 103422 (base 6) to base 7.
34010
Convert 967 (base 11) to base 7.
3250
What is -422241 (base 5) in base 13?
-6535
Convert -122122020 (base 3) to base 14.
-4986
Convert 1001100010000 (base 2) to base 8.
11420
Convert -3645 (base 8) to base 4.
-132211
Convert 173347 (base 8) to base 2.
1111011011100111
Convert 5894 (base 12) to base 5.
304104
What is 2732 (base 11) in base 14?
1412
Convert -1204 (base 9) to base 11.
-744
What is 210211 (base 4) in base 5?
33331
What is -26350 (base 9) in base 7?
-102564
What is -3100132 (base 4) in base 13?
-60c4
What is 2b37 (base 13) in base 4?
1202123
2010 (base 4) to base 10
132
Convert 222a (base 14) to base 13.
2903
Convert 21be (base 16) to base 5.
234023
-20014 (base 5) to base 14
-65d
Convert 101011000011000 (base 2) to base 16.
5618
Convert 15a02 (base 12) to base 16.
7862
111010100011 (base 2) to base 3
12010210
What is c923 (base 13) in base 3?
1102021212
-232312 (base 4) to base 16
-bb6
3b2 (base 14) to base 4
23220
5d63 (base 15) to base 13
9093
What is 2505 (base 10) in base 3?
10102210
What is 128 (base 11) in base 16?
97
What is -14002 (base 5) in base 2?
-10001100111
What is 38 (base 9) in base 15?
25
3460 (base 10) to base 4
312010
-34504 (base 6) to base 15
-16e1
-372 (base 13) to base 4
-21120
What is 30083 (base 10) in base 7?
153464
1499 (base 10) to base 6
10535
-2002100 (base 4) to base 3
-102102202
What is 326 (base 15) in base 11?
597
Convert 99 (base 16) to base 5.
1103
Convert 10100111000 (base 2) to base 11.
1005
What is -13430 (base 10) in base 2?
-11010001110110
Convert -130122 (base 5) to base 8.
-11655
Convert 1987 (base 10) to base 8.
3703
Convert 1b3 (base 13) to base 14.
187
-3dbd (base 14) to base 7
-43626
What is -1657 (base 9) in base 7?
-3460
What is -2011211 (base 3) in base 16?
-634
-24312 (base 5) to base 7
-5225
Convert 27 (base 12) to base 2.
11111
-8674 (base 13) to base 12
-a991
Convert -42 (base 10) to base 16.
-2a
-26 (base 15) to base 2
-100100
Convert 357 (base 15) to base 14.
3c1
-112062 (base 8) to base 12
-19b56
Convert 24703 (base 9) to base 5.
1012413
What is 929 (base 10) in base 3?
1021102
What is 46 (base 14) in base 5?
222
Convert 1100 (base 6) to base 11.
20a
What is 101022201 (base 3) in base 12?
4431
What is -1b8b3 (base 12) in base 8?
-120107
What is -3639 (base 12) in base 4?
-1133031
110121 (base 6) to base 13
41c8
Convert 2120012102 (base 3) to base 5.
3103242
Convert -2198 (base 13) to base 8.
-11120
What is 432 (base 11) in base 14?
291
271 (base 8) to base 12
135
What is 122141 (base 6) in base 3?
112220021
What is -178 (base 14) in base 3?
-102012
-33 (base 13) to base 2
-101010
82e (base 16) to base 4
200232
Convert -3032003 (base 4) to base 15.
-3d92
What is -15a (base 15) in base 14?
-182
1011 (base 5) to base 15
8b
What is -2011 (base 10) in base 12?
-11b7
Convert 2535 (base 16) to base 11.
717a
What is 2100002 (base 3) in base 12?
b9b
151 (base 12) to base 7
412
Convert -11430 (base 13) to base 16.
-7af1
Convert 330504 (base 7) to base 11.
3a53